 3*k - 2*r, -4*k + r + 10 = k. Calculate the remainder when 0 - 2/k - -38 is divided by 13.
10
Calculate the remainder when 82 is divided by 4/((-16)/(-12)) - -25.
26
Suppose 8*q + 23 = 9*q. Calculate the remainder when q is divided by 54/4 - 3/6.
10
Suppose 0 = 3*r - r, 0 = -5*v + 5*r + 245. Suppose -5*n = 4*k - 65, 0 = -2*n + 3*n - 4*k - 13. Calculate the remainder when v is divided by n.
10
Calculate the remainder when 1/10*4 - (-506)/10 is divided by 20.
11
Let k(u) = u**2 + 11. What is the remainder when (-2)/(-6) + 285/9 is divided by k(0)?
10
Let f(l) be the first derivative of l**3/3 - l**2/2 - 2*l - 3. Let h = 5 - 3. Calculate the remainder when f(-2) is divided by h.
0
What is the remainder when -5*(-14 - (-4 + 1)) is divided by 29?
26
Suppose -6*o = -0*o - 186. Calculate the remainder when 91 is divided by o.
29
Calculate the remainder when (-7 + -5)*(-5)/2 is divided by 8.
6
Suppose -9*f + 7*f + 132 = 0. Suppose -3*u = -u - f. What is the remainder when u is divided by 12?
9
Let j = -19 - -25. Calculate the remainder when 17 is divided by j.
5
Calculate the remainder when 45 is divided by (-154)/(-10) - (-45)/75.
13
Let t = -2 + 4. Suppose -4*h + 34 = -t*h. Calculate the remainder when 32 is divided by h.
15
Suppose 0 = 4*c - 3*t + 5 - 58, 3*c - t = 36. Let i be -5 + (-9)/(6/(-2)). Calculate the remainder when c is divided by i*(-1*4 + 1).
5
Let v(a) be the second derivative of 0*a**3 + 3*a**2 + 0 + 2*a - 1/12*a**4. Calculate the remainder when 17 is divided by v(0).
5
Suppose 0 = 2*g - 5*f + 10*f - 33, -3*f + 27 = 2*g. Let j = 23 - -1. Calculate the remainder when j is divided by g.
6
Suppose 5*k - x - 235 = 0, k - 3*x = 6 + 27. What is the remainder when k is divided by 11?
4
Suppose -12*k = -13*k + 6. Calculate the remainder when 16 is divided by k.
4
Calculate the remainder when (-2)/(-6) + 5 + (-452)/(-12) is divided by 11.
10
Suppose 3*q = 7*q - 4. Calculate the remainder when 409/5 - 16/20 is divided by (6 + q)/((-2)/(-6)).
18
Let y(m) = -m**3 + 14*m**2 - 21*m + 8. Calculate the remainder when 86 is divided by y(12).
42
Let g be 3 - -1 - (1 + -2). Suppose g*h = 4*w + 130, 2*h - w + 4*w = 52. What is the remainder when h is divided by 9?
8
Suppose 4*d = -2*v - 0*d - 10, -4*d - 3 = -5*v. Let g(y) = -52*y - 1. What is the remainder when g(v) is divided by 13?
12
Let g(i) = -19*i - 5. Calculate the remainder when 69 is divided by g(-1).
13
Let h be ((-14)/8 - 2)*-12. Suppose -3*o = -0 - h. Let x(l) = 3*l**3 + 4. What is the remainder when x(2) is divided by o?
13
Suppose -j + 3*w = -27, 2*j + 3*w - 105 = -j. Let i = -18 - -30. What is the remainder when j is divided by i?
9
Let f(s) be the first derivative of s**3/3 + 3*s**2/2 + 5*s - 2. What is the remainder when 35 is divided by f(-4)?
8
Suppose -4*h = -2*f - 70, 11 = h + 3*f - 3. Let w(p) = -4*p. Let l be w(-5). Suppose -l = -4*v - 0*v. What is the remainder when h is divided by v?
2
Let d = -48 + 71. Calculate the remainder when 66 is divided by d.
20
Suppose -175 = -0*m - 5*m + 4*x, 0 = 5*m + 4*x - 215. Let q(v) = -8*v - 22. What is the remainder when m is divided by q(-4)?
9
Let q(f) = -f - 2. Suppose -4*b + 7*b = -3*l + 36, -4*b = -16. Let s be q(l). Calculate the remainder when (9/2)/((-5)/s) is divided by 5.
4
Suppose 1395 = 6*c + 333. What is the remainder when c is divided by 45?
42
Suppose q - 90 = 4*q. Suppose -3*x + 5*t = -69, -3*x + 3*t + 23 + 40 = 0. Calculate the remainder when (-1056)/q + (-2)/10 is divided by x.
17
Let y = -25 + 28. What is the remainder when y is divided by 2?
1
Suppose 4*v - 15 - 1 = 0. What is the remainder when 15 is divided by v?
3
Let i(b) = b**3 - 3*b**2 - 4*b - 4. Let t be i(4). What is the remainder when (-80)/(-6) - t/6 is divided by 8?
6
Let x be 6/12*0/1. Suppose 0 = 4*i + 2 + 10, x = 3*z - 4*i - 99. What is the remainder when z is divided by 8?
5
Suppose -3 - 1 = -3*k + 5*c, 4*c - 8 = k. Calculate the remainder when k is divided by 3.
2
Suppose 4*u - 2*u - 46 = 0. Let m(z) = -z + 1. Let s(w) = 2*w - 1. Let g(i) = 13*m(i) + 6*s(i). Calculate the remainder when u is divided by g(-5).
11
Let y(x) = -10*x**3 - 9*x**2 + 8. Let u(v) = 9*v**3 + 8*v**2 - 7. Let t(z) = -7*u(z) - 6*y(z). Calculate the remainder when 3 is divided by t(-1).
1
Let d(p) = 29*p - 3. Calculate the remainder when d(2) is divided by 7.
6
Calculate the remainder when -3*1 + (-18)/(-1) is divided by 4.
3
Let a(d) = -8*d + 27. Calculate the remainder when a(-5) is divided by 23.
21
Suppose 0 = -5*o + 10. Let q be (4/6)/(o/9). Suppose 0 = 5*u + v - 60, 0 = u + q*u + 4*v - 48. What is the remainder when u is divided by 7?
5
Let s(o) = 2*o + 2*o + 0*o - 3 - 5*o. Let t be s(-3). Suppose -3*v - 2*q + 27 = -5*q, 4*v + q - 61 = t. What is the remainder when 26 is divided by v?
12
Let n = 23 - -5. Calculate the remainder when 55 is divided by n.
27
Suppose -5*p = -25, b + 5*p - 86 = 2*b. Let u = -25 - b. What is the remainder when u is divided by 13?
10
Let a = -111 + 164. Calculate the remainder when a is divided by (-1 - -2)/(1/14).
11
Let p be (2 + -1)*(0 - -5). Suppose 5*z + p*q + 260 = 0, 0*z - 4*q + 80 = -2*z. Let v = z - -81. Calculate the remainder when v is divided by 12.
9
Let p = 9 - -36. Let a = 16 + -5. What is the remainder when 939/p - 10/(-75) is divided by a?
10
Suppose -4*n + 1 = -3. Let z(q) = -18*q - 10. Let i(y) = -6*y - 3. Let a(u) = -10*i(u) + 3*z(u). Calculate the remainder when 17 is divided by a(n).
5
Let c = 40 - 27. Calculate the remainder when 36 is divided by c.
10
Let n = 57 - 17. Suppose -s = 5*x + s, 0 = -x - 5*s - 23. Let z(l) = 6*l + 2. Calculate the remainder when n is divided by z(x).
12
What is the remainder when (86/8)/((36/(-16))/(-9)) is divided by (25 + -2)/((-2)/(-2))?
20
Suppose -5*x - 8 = -2*x + 2*i, -4*i - 4 = 4*x. Let h = 16 - x. Suppose -5*o + h + 63 = 0. Calculate the remainder when 49 is divided by o.
15
What is the remainder when ((-6)/8)/((-1)/20) is divided by 8?
7
Let q be 2*(-3 - -1) - -1. Let h = -66 + q. Let g = -36 - h. Calculate the remainder when g is divided by 12.
9
Calculate the remainder when 53 is divided by (-70)/(-2)*3/15*2.
11
Suppose 4*g - 1 = 11. Suppose -30 = -z - 4*a, g*z = -0*z - 4*a + 82. Calculate the remainder when z is divided by 9.
8
Let a = -4 - -6. Suppose 0*z + 24 = z. Suppose 2*s + a*s = z. Calculate the remainder when s is divided by 4.
2
Let t = 179 - 172. Calculate the remainder when 7 is divided by t.
0
Suppose 0 = 4*k + p - 84, -k + 24 = 3*p + 3. Suppose -6*o = -7*o + k. Calculate the remainder when 60 is divided by o.
18
Suppose 4*q - 143 + 115 = 0. What is the remainder when 27 is divided by q?
6
Let m be (-13 - -3)/(1 + -3). Suppose -n - 16 + 53 = 2*g, m*n + 2*g = 169. Calculate the remainder when n is divided by 12.
9
Suppose -5*r + 11 = -19. Let l(j) = 8*j + 8. What is the remainder when l(1) is divided by r?
4
Let u = 1 - -4. Let g be -14*(-6)/4*-1. Let s = g + 24. What is the remainder when u is divided by s?
2
Suppose -5*b + 3*g + 204 = -54, 0 = g - 4. Calculate the remainder when b is divided by 19.
16
Let z = -23 + 70. What is the remainder when z is divided by 16?
15
Let h = -133 - -152. What is the remainder when 113 is divided by h?
18
Suppose -4*w = -w - 57. What is the remainder when 54 is divided by w?
16
Calculate the remainder when (1 - (-17)/2)/(6/12) is divided by 8.
3
Let s(n) = -4*n - 12. Let t = -36 + 51. What is the remainder when s(-10) is divided by t?
13
Let f = 4 - 1. Suppose 0 = -i + f*i - 42. What is the remainder when 41 is divided by i?
20
Let r(a) = a**3 - 5*a**2 - 3*a + 4. Let l be r(4). Let b = -16 - l. What is the remainder when b is divided by 3?
2
Suppose -5*b + 27 = 2*k - 0*b, 0 = -2*k + 2*b - 8. What is the remainder when 9 is divided by k?
0
Let i be 1 + -5 - (0 - 1). Let l(z) = -3*z - 2. Suppose -47 - 115 = -6*a. Calculate the remainder when a is divided by l(i).
6
Suppose 3*k - 10 = -2*k, 2*d = -k + 32. Suppose 3*i - 17 = -2*o - 3*o, 4*o - d = -i. Let h(p) = 7*p**2 - 1. What is the remainder when h(-1) is divided by o?
2
What is the remainder when 21 is divided by 3/(-1)*-3 - 1?
5
Let k = 29 - 13. What is the remainder when k is divided by 9?
7
Suppose 2*d + 0*d - 2*k = -6, -3*k = -4*d - 7. Let u = -3 - -5. Calculate the remainder when u is di